{"id":155,"date":"2017-02-04T17:22:03","date_gmt":"2017-02-04T16:22:03","guid":{"rendered":"http:\/\/la-ferte-beauharnais.fr\/?page_id=155"},"modified":"2021-02-18T21:14:29","modified_gmt":"2021-02-18T20:14:29","slug":"ecole-2","status":"publish","type":"page","link":"https:\/\/la-ferte-beauharnais.fr\/index.php\/ecole-2\/","title":{"rendered":"Ecole"},"content":{"rendered":"<h1><span style=\"font-size: 28px;\">LES SERVICES SCOLAIRES<\/span><\/h1>\n<p>Nous sommes en <strong>R<\/strong>egroupement <strong>P<\/strong>\u00e9dagogique <strong>I<\/strong>ntercommunal avec la commune de Neung sur Beuvron.<br \/>\nNotre \u00e9cole \u00ab\u00a0Les 3 Merlettes\u00a0\u00bb se compose d\u2019une classe de CE2-CM1 avec 25 \u00e9l\u00e8ves. L\u2019\u00e9cole maternelle \u00ab\u00a0Les castors\u00a0\u00bb de Neung sur Beuvron se compose d\u2019une classe de petite et grande section avec 29 \u00e9l\u00e8ves et une classe de petite et moyenne section avec 30 \u00e9l\u00e8ves. L\u2019\u00e9cole primaire des \u00ab\u00a0Carnutes\u00a0\u00bb de Neung sur Beuvron se compose d\u2019une classe de CP avec 21 \u00e9l\u00e8ves, d\u2019une classe de de CE1-CE2 avec 23 \u00e9l\u00e8ves et d\u2019une classe de CM1-CM2 avec 24 \u00e9l\u00e8ves. Au total le RPI Neung-sur-Beuvron &#8211; La Fert\u00e9-Beauharnais totalise 151 \u00e9l\u00e8ves pour l\u2019ann\u00e9e scolaire 2016-2017.<\/p>\n<p>Contact: <a href=\"mailto:ec-la-ferte-beauharnais@ac-orleans-tours.fr\"><span style=\"color: #0099cc;\">ec-la-ferte-beauharnais@ac-orleans-tours.fr<\/span><\/a><\/p>\n<p>&nbsp;<\/p>\n<p><center><img decoding=\"async\" src=\"https:\/\/la-ferte-beauharnais.fr\/tempo\/images\/services\/ecole.jpg\" width=\"300\" \/><\/center><\/p>\n<p class=\"cadre3\"><strong>Information<\/strong> : Pour l&#8217;\u00e9cole primaire et la maternelle les inscriptions se font aupr\u00e8s de la Direction de l&#8217;\u00e9cole de Neung sur Beuvron.<\/p>\n<p>Le coll\u00e8ge est sur la commune de Neung sur Beuvron.<br \/>\nLe lyc\u00e9e est \u00e0 Romorantin.<br \/>\nLe CFA est \u00e0 Blois.<br \/>\nUn service de ramassage scolaire prend en charge les enfants de leur village de r\u00e9sidence jusqu&#8217;\u00e0 leur \u00e9tablissement.<br \/>\nLe transport se fait le matin et le soir. Et le midi pour la cantine \u00e0 Neung sur Beuvron.<\/p>\n<p>&nbsp;<\/p>\n<p><span style=\"font-size: 16px; color: #ffffff; background-color: #0083a1;\"><strong>\u00a0 <span style=\"color: #ffffff;\">\u00a0<a style=\"color: #ffffff;\" href=\"https:\/\/la-ferte-beauharnais.fr\/wp-content\/uploads\/2021\/02\/Horaires-car-ecole-2020.pdf\" target=\"_blank\" rel=\"noopener\"><span style=\"font-size: 20px;\">Horaire des transports scolaire<\/span><\/a>\u00a0<\/span> \u00a0<\/strong><\/span><\/p>\n<p><span style=\"font-size: 16px; color: #ffffff; background-color: #0083a1;\"><strong>\u00a0 \u00a0<span style=\"font-size: 20px; color: #ffffff;\"><a style=\"color: #ffffff;\" href=\"https:\/\/la-ferte-beauharnais.fr\/wp-content\/uploads\/2021\/02\/SIVOS-Compte-rendu-reunion-du-14-decembre-2020.pdf\" target=\"_blank\" rel=\"noopener\">Compte rendu du comit\u00e9 syndical d\u00e9cembre 2020<\/a><\/span>\u00a0 \u00a0<\/strong><\/span><\/p>\n<p><span style=\"font-size: 20px; color: #ffffff; background-color: #0083a1;\"><strong>\u00a0 <span style=\"color: #ffffff;\">PV Conseil d&#8217;\u00e9cole n\u00b01\u00a0\u00a0<\/span><\/strong><\/span><\/p>\n<p>&nbsp;<\/p>\n<p>&nbsp;<\/p>\n","protected":false},"excerpt":{"rendered":"<p>LES SERVICES SCOLAIRES Nous sommes en Regroupement P\u00e9dagogique Intercommunal avec la commune de Neung sur Beuvron. Notre \u00e9cole \u00ab\u00a0Les 3 Merlettes\u00a0\u00bb se compose d\u2019une classe de CE2-CM1 avec 25 \u00e9l\u00e8ves. L\u2019\u00e9cole maternelle \u00ab\u00a0Les castors\u00a0\u00bb de Neung sur Beuvron se compose d\u2019une classe de petite et grande section avec 29 \u00e9l\u00e8ves\u2026<\/p>\n<p> <a class=\"continue-reading-link\" href=\"https:\/\/la-ferte-beauharnais.fr\/index.php\/ecole-2\/\"><span>Lire la suite<\/span><i class=\"crycon-right-dir\"><\/i><\/a> <\/p>\n","protected":false},"author":1,"featured_media":0,"parent":0,"menu_order":0,"comment_status":"closed","ping_status":"closed","template":"","meta":{"_exactmetrics_skip_tracking":false,"_exactmetrics_sitenote_active":false,"_exactmetrics_sitenote_note":"","_exactmetrics_sitenote_category":0,"footnotes":""},"class_list":["post-155","page","type-page","status-publish","hentry"],"yoast_head":"<!-- This site is optimized with the Yoast SEO plugin v27.3 - https:\/\/yoast.com\/product\/yoast-seo-wordpress\/ -->\n<title>Ecole - Mairie de La Fert\u00e9 Beauharnais - Site officiel de la commune<\/title>\n<meta name=\"robots\" content=\"index, follow, max-snippet:-1, max-image-preview:large, max-video-preview:-1\" \/>\n<link rel=\"canonical\" href=\"https:\/\/la-ferte-beauharnais.fr\/index.php\/ecole-2\/\" \/>\n<meta property=\"og:locale\" content=\"fr_FR\" \/>\n<meta property=\"og:type\" content=\"article\" \/>\n<meta property=\"og:title\" content=\"Ecole - Mairie de La Fert\u00e9 Beauharnais - Site officiel de la commune\" \/>\n<meta property=\"og:description\" content=\"LES SERVICES SCOLAIRES Nous sommes en Regroupement P\u00e9dagogique Intercommunal avec la commune de Neung sur Beuvron. Notre \u00e9cole \u00ab\u00a0Les 3 Merlettes\u00a0\u00bb se compose d\u2019une classe de CE2-CM1 avec 25 \u00e9l\u00e8ves. L\u2019\u00e9cole maternelle \u00ab\u00a0Les castors\u00a0\u00bb de Neung sur Beuvron se compose d\u2019une classe de petite et grande section avec 29 \u00e9l\u00e8ves\u2026 Lire la suite\" \/>\n<meta property=\"og:url\" content=\"https:\/\/la-ferte-beauharnais.fr\/index.php\/ecole-2\/\" \/>\n<meta property=\"og:site_name\" content=\"Mairie de La Fert\u00e9 Beauharnais - Site officiel de la commune\" \/>\n<meta property=\"article:modified_time\" content=\"2021-02-18T20:14:29+00:00\" \/>\n<meta property=\"og:image\" content=\"http:\/\/la-ferte-beauharnais.fr\/tempo\/images\/services\/ecole.jpg\" \/>\n<meta name=\"twitter:card\" content=\"summary_large_image\" \/>\n<meta name=\"twitter:label1\" content=\"Dur\u00e9e de lecture estim\u00e9e\" \/>\n\t<meta name=\"twitter:data1\" content=\"2 minutes\" \/>\n<script type=\"application\/ld+json\" class=\"yoast-schema-graph\">{\"@context\":\"https:\\\/\\\/schema.org\",\"@graph\":[{\"@type\":\"WebPage\",\"@id\":\"https:\\\/\\\/la-ferte-beauharnais.fr\\\/index.php\\\/ecole-2\\\/\",\"url\":\"https:\\\/\\\/la-ferte-beauharnais.fr\\\/index.php\\\/ecole-2\\\/\",\"name\":\"Ecole - Mairie de La Fert\u00e9 Beauharnais - Site officiel de la commune\",\"isPartOf\":{\"@id\":\"https:\\\/\\\/la-ferte-beauharnais.fr\\\/#website\"},\"primaryImageOfPage\":{\"@id\":\"https:\\\/\\\/la-ferte-beauharnais.fr\\\/index.php\\\/ecole-2\\\/#primaryimage\"},\"image\":{\"@id\":\"https:\\\/\\\/la-ferte-beauharnais.fr\\\/index.php\\\/ecole-2\\\/#primaryimage\"},\"thumbnailUrl\":\"http:\\\/\\\/la-ferte-beauharnais.fr\\\/tempo\\\/images\\\/services\\\/ecole.jpg\",\"datePublished\":\"2017-02-04T16:22:03+00:00\",\"dateModified\":\"2021-02-18T20:14:29+00:00\",\"breadcrumb\":{\"@id\":\"https:\\\/\\\/la-ferte-beauharnais.fr\\\/index.php\\\/ecole-2\\\/#breadcrumb\"},\"inLanguage\":\"fr-FR\",\"potentialAction\":[{\"@type\":\"ReadAction\",\"target\":[\"https:\\\/\\\/la-ferte-beauharnais.fr\\\/index.php\\\/ecole-2\\\/\"]}]},{\"@type\":\"ImageObject\",\"inLanguage\":\"fr-FR\",\"@id\":\"https:\\\/\\\/la-ferte-beauharnais.fr\\\/index.php\\\/ecole-2\\\/#primaryimage\",\"url\":\"http:\\\/\\\/la-ferte-beauharnais.fr\\\/tempo\\\/images\\\/services\\\/ecole.jpg\",\"contentUrl\":\"http:\\\/\\\/la-ferte-beauharnais.fr\\\/tempo\\\/images\\\/services\\\/ecole.jpg\"},{\"@type\":\"BreadcrumbList\",\"@id\":\"https:\\\/\\\/la-ferte-beauharnais.fr\\\/index.php\\\/ecole-2\\\/#breadcrumb\",\"itemListElement\":[{\"@type\":\"ListItem\",\"position\":1,\"name\":\"Accueil\",\"item\":\"https:\\\/\\\/la-ferte-beauharnais.fr\\\/\"},{\"@type\":\"ListItem\",\"position\":2,\"name\":\"Ecole\"}]},{\"@type\":\"WebSite\",\"@id\":\"https:\\\/\\\/la-ferte-beauharnais.fr\\\/#website\",\"url\":\"https:\\\/\\\/la-ferte-beauharnais.fr\\\/\",\"name\":\"Mairie de La Fert\u00e9 Beauharnais - Site officiel de la commune\",\"description\":\"Village de Sologne situ\u00e9 entre Orl\u00e9ans et Romorantin-Lanthenay.\",\"potentialAction\":[{\"@type\":\"SearchAction\",\"target\":{\"@type\":\"EntryPoint\",\"urlTemplate\":\"https:\\\/\\\/la-ferte-beauharnais.fr\\\/?s={search_term_string}\"},\"query-input\":{\"@type\":\"PropertyValueSpecification\",\"valueRequired\":true,\"valueName\":\"search_term_string\"}}],\"inLanguage\":\"fr-FR\"}]}<\/script>\n<!-- \/ Yoast SEO plugin. -->","yoast_head_json":{"title":"Ecole - Mairie de La Fert\u00e9 Beauharnais - Site officiel de la commune","robots":{"index":"index","follow":"follow","max-snippet":"max-snippet:-1","max-image-preview":"max-image-preview:large","max-video-preview":"max-video-preview:-1"},"canonical":"https:\/\/la-ferte-beauharnais.fr\/index.php\/ecole-2\/","og_locale":"fr_FR","og_type":"article","og_title":"Ecole - Mairie de La Fert\u00e9 Beauharnais - Site officiel de la commune","og_description":"LES SERVICES SCOLAIRES Nous sommes en Regroupement P\u00e9dagogique Intercommunal avec la commune de Neung sur Beuvron. Notre \u00e9cole \u00ab\u00a0Les 3 Merlettes\u00a0\u00bb se compose d\u2019une classe de CE2-CM1 avec 25 \u00e9l\u00e8ves. L\u2019\u00e9cole maternelle \u00ab\u00a0Les castors\u00a0\u00bb de Neung sur Beuvron se compose d\u2019une classe de petite et grande section avec 29 \u00e9l\u00e8ves\u2026 Lire la suite","og_url":"https:\/\/la-ferte-beauharnais.fr\/index.php\/ecole-2\/","og_site_name":"Mairie de La Fert\u00e9 Beauharnais - Site officiel de la commune","article_modified_time":"2021-02-18T20:14:29+00:00","og_image":[{"url":"http:\/\/la-ferte-beauharnais.fr\/tempo\/images\/services\/ecole.jpg","type":"","width":"","height":""}],"twitter_card":"summary_large_image","twitter_misc":{"Dur\u00e9e de lecture estim\u00e9e":"2 minutes"},"schema":{"@context":"https:\/\/schema.org","@graph":[{"@type":"WebPage","@id":"https:\/\/la-ferte-beauharnais.fr\/index.php\/ecole-2\/","url":"https:\/\/la-ferte-beauharnais.fr\/index.php\/ecole-2\/","name":"Ecole - Mairie de La Fert\u00e9 Beauharnais - Site officiel de la commune","isPartOf":{"@id":"https:\/\/la-ferte-beauharnais.fr\/#website"},"primaryImageOfPage":{"@id":"https:\/\/la-ferte-beauharnais.fr\/index.php\/ecole-2\/#primaryimage"},"image":{"@id":"https:\/\/la-ferte-beauharnais.fr\/index.php\/ecole-2\/#primaryimage"},"thumbnailUrl":"http:\/\/la-ferte-beauharnais.fr\/tempo\/images\/services\/ecole.jpg","datePublished":"2017-02-04T16:22:03+00:00","dateModified":"2021-02-18T20:14:29+00:00","breadcrumb":{"@id":"https:\/\/la-ferte-beauharnais.fr\/index.php\/ecole-2\/#breadcrumb"},"inLanguage":"fr-FR","potentialAction":[{"@type":"ReadAction","target":["https:\/\/la-ferte-beauharnais.fr\/index.php\/ecole-2\/"]}]},{"@type":"ImageObject","inLanguage":"fr-FR","@id":"https:\/\/la-ferte-beauharnais.fr\/index.php\/ecole-2\/#primaryimage","url":"http:\/\/la-ferte-beauharnais.fr\/tempo\/images\/services\/ecole.jpg","contentUrl":"http:\/\/la-ferte-beauharnais.fr\/tempo\/images\/services\/ecole.jpg"},{"@type":"BreadcrumbList","@id":"https:\/\/la-ferte-beauharnais.fr\/index.php\/ecole-2\/#breadcrumb","itemListElement":[{"@type":"ListItem","position":1,"name":"Accueil","item":"https:\/\/la-ferte-beauharnais.fr\/"},{"@type":"ListItem","position":2,"name":"Ecole"}]},{"@type":"WebSite","@id":"https:\/\/la-ferte-beauharnais.fr\/#website","url":"https:\/\/la-ferte-beauharnais.fr\/","name":"Mairie de La Fert\u00e9 Beauharnais - Site officiel de la commune","description":"Village de Sologne situ\u00e9 entre Orl\u00e9ans et Romorantin-Lanthenay.","potentialAction":[{"@type":"SearchAction","target":{"@type":"EntryPoint","urlTemplate":"https:\/\/la-ferte-beauharnais.fr\/?s={search_term_string}"},"query-input":{"@type":"PropertyValueSpecification","valueRequired":true,"valueName":"search_term_string"}}],"inLanguage":"fr-FR"}]}},"_links":{"self":[{"href":"https:\/\/la-ferte-beauharnais.fr\/index.php\/wp-json\/wp\/v2\/pages\/155","targetHints":{"allow":["GET"]}}],"collection":[{"href":"https:\/\/la-ferte-beauharnais.fr\/index.php\/wp-json\/wp\/v2\/pages"}],"about":[{"href":"https:\/\/la-ferte-beauharnais.fr\/index.php\/wp-json\/wp\/v2\/types\/page"}],"author":[{"embeddable":true,"href":"https:\/\/la-ferte-beauharnais.fr\/index.php\/wp-json\/wp\/v2\/users\/1"}],"replies":[{"embeddable":true,"href":"https:\/\/la-ferte-beauharnais.fr\/index.php\/wp-json\/wp\/v2\/comments?post=155"}],"version-history":[{"count":23,"href":"https:\/\/la-ferte-beauharnais.fr\/index.php\/wp-json\/wp\/v2\/pages\/155\/revisions"}],"predecessor-version":[{"id":1439,"href":"https:\/\/la-ferte-beauharnais.fr\/index.php\/wp-json\/wp\/v2\/pages\/155\/revisions\/1439"}],"wp:attachment":[{"href":"https:\/\/la-ferte-beauharnais.fr\/index.php\/wp-json\/wp\/v2\/media?parent=155"}],"curies":[{"name":"wp","href":"https:\/\/api.w.org\/{rel}","templated":true}]}}