{"id":475,"date":"2017-03-04T19:44:32","date_gmt":"2017-03-04T18:44:32","guid":{"rendered":"http:\/\/la-ferte-beauharnais.fr\/?page_id=475"},"modified":"2024-02-29T12:32:41","modified_gmt":"2024-02-29T11:32:41","slug":"centre-de-loisirs","status":"publish","type":"page","link":"https:\/\/la-ferte-beauharnais.fr\/index.php\/centre-de-loisirs\/","title":{"rendered":"Centre de loisirs"},"content":{"rendered":"\n\t\t<style type=\"text\/css\">\n\t\t\t#gallery-1 {\n\t\t\t\tmargin: auto;\n\t\t\t}\n\t\t\t#gallery-1 .gallery-item {\n\t\t\t\tfloat: left;\n\t\t\t\tmargin-top: 10px;\n\t\t\t\ttext-align: center;\n\t\t\t\twidth: 33%;\n\t\t\t}\n\t\t\t#gallery-1 img {\n\t\t\t\tborder: 2px solid #cfcfcf;\n\t\t\t}\n\t\t\t#gallery-1 .gallery-caption {\n\t\t\t\tmargin-left: 0;\n\t\t\t}\n\t\t\t\/* see gallery_shortcode() in wp-includes\/media.php *\/\n\t\t<\/style>\n\t\t<div id='gallery-1' class='gallery galleryid-475 gallery-columns-3 gallery-size-thumbnail'><dl class='gallery-item'>\n\t\t\t<dt class='gallery-icon portrait'>\n\t\t\t\t<a href='https:\/\/la-ferte-beauharnais.fr\/wp-content\/uploads\/2019\/05\/IMG_20181212_100714_small.jpg'><img decoding=\"async\" width=\"150\" height=\"150\" src=\"https:\/\/la-ferte-beauharnais.fr\/wp-content\/uploads\/2019\/05\/IMG_20181212_100714_small-150x150.jpg\" class=\"attachment-thumbnail size-thumbnail\" alt=\"\" srcset=\"https:\/\/la-ferte-beauharnais.fr\/wp-content\/uploads\/2019\/05\/IMG_20181212_100714_small-150x150.jpg 150w, https:\/\/la-ferte-beauharnais.fr\/wp-content\/uploads\/2019\/05\/IMG_20181212_100714_small-400x400.jpg 400w\" sizes=\"(max-width: 150px) 100vw, 150px\" \/><\/a>\n\t\t\t<\/dt><\/dl><dl class='gallery-item'>\n\t\t\t<dt class='gallery-icon portrait'>\n\t\t\t\t<a href='https:\/\/la-ferte-beauharnais.fr\/wp-content\/uploads\/2019\/05\/IMG_20181212_163831_small.jpg'><img decoding=\"async\" width=\"150\" height=\"150\" src=\"https:\/\/la-ferte-beauharnais.fr\/wp-content\/uploads\/2019\/05\/IMG_20181212_163831_small-150x150.jpg\" class=\"attachment-thumbnail size-thumbnail\" alt=\"\" srcset=\"https:\/\/la-ferte-beauharnais.fr\/wp-content\/uploads\/2019\/05\/IMG_20181212_163831_small-150x150.jpg 150w, https:\/\/la-ferte-beauharnais.fr\/wp-content\/uploads\/2019\/05\/IMG_20181212_163831_small-400x400.jpg 400w\" sizes=\"(max-width: 150px) 100vw, 150px\" \/><\/a>\n\t\t\t<\/dt><\/dl><dl class='gallery-item'>\n\t\t\t<dt class='gallery-icon portrait'>\n\t\t\t\t<a href='https:\/\/la-ferte-beauharnais.fr\/wp-content\/uploads\/2019\/05\/IMG_20181205_113923_small.jpg'><img decoding=\"async\" width=\"150\" height=\"150\" src=\"https:\/\/la-ferte-beauharnais.fr\/wp-content\/uploads\/2019\/05\/IMG_20181205_113923_small-150x150.jpg\" class=\"attachment-thumbnail size-thumbnail\" alt=\"\" srcset=\"https:\/\/la-ferte-beauharnais.fr\/wp-content\/uploads\/2019\/05\/IMG_20181205_113923_small-150x150.jpg 150w, https:\/\/la-ferte-beauharnais.fr\/wp-content\/uploads\/2019\/05\/IMG_20181205_113923_small-400x400.jpg 400w\" sizes=\"(max-width: 150px) 100vw, 150px\" \/><\/a>\n\t\t\t<\/dt><\/dl><br style=\"clear: both\" \/>\n\t\t<\/div>\n\n<p>&nbsp;<\/p>\n<p><span style=\"font-size: 20px;\"><strong>Pendant les vacances scolaires :<\/strong><\/span><\/p>\n<p>Le Centre de loisirs vous accueille les mercredis pendant les p\u00e9riodes scolaires de 7h30 \u00e0 18h30 et la semaine pendant les vacances scolaires de 7h30 \u00e0 18h30.<\/p>\n<p>Fermeture annuelle 3 semaines en Aout<\/p>\n<p>Horaires de permanences\u00a0: Mardi, Jeudi et Vendredi 10h00-12h00 et 14h00-16h00<\/p>\n<p>&nbsp;<\/p>\n<p style=\"text-align: center;\"><strong>Contact :<\/strong>\u00a0 06.32.65.82.43 (directeur de la cr\u00e8che)<\/p>\n<p style=\"text-align: center;\"><a href=\"mailto:famillerurale.lfb@gmail.com\">famillerurale.lfb@gmail.com<\/a><\/p>\n<p style=\"text-align: center;\">Site internet:\u00a0<a href=\"https:\/\/centreloisirs-fertebeauharnais.jimdo.com\/\" target=\"_blank\" rel=\"noopener noreferrer\">www.centreloisirs-fertebeauharnais.jimdo.com<\/a><\/p>\n<p><img loading=\"lazy\" decoding=\"async\" class=\" wp-image-483 aligncenter\" src=\"https:\/\/la-ferte-beauharnais.fr\/wp-content\/uploads\/2017\/03\/famille_rurale4-225x300.jpg\" alt=\"\" width=\"320\" height=\"427\" srcset=\"https:\/\/la-ferte-beauharnais.fr\/wp-content\/uploads\/2017\/03\/famille_rurale4-225x300.jpg 225w, https:\/\/la-ferte-beauharnais.fr\/wp-content\/uploads\/2017\/03\/famille_rurale4-113x150.jpg 113w, https:\/\/la-ferte-beauharnais.fr\/wp-content\/uploads\/2017\/03\/famille_rurale4-300x400.jpg 300w, https:\/\/la-ferte-beauharnais.fr\/wp-content\/uploads\/2017\/03\/famille_rurale4.jpg 450w\" sizes=\"(max-width: 320px) 100vw, 320px\" \/><\/p>\n","protected":false},"excerpt":{"rendered":"<p>&nbsp; Pendant les vacances scolaires : Le Centre de loisirs vous accueille les mercredis pendant les p\u00e9riodes scolaires de 7h30 \u00e0 18h30 et la semaine pendant les vacances scolaires de 7h30 \u00e0 18h30. Fermeture annuelle 3 semaines en Aout Horaires de permanences\u00a0: Mardi, Jeudi et Vendredi 10h00-12h00 et 14h00-16h00 &nbsp;\u2026<\/p>\n<p> <a class=\"continue-reading-link\" href=\"https:\/\/la-ferte-beauharnais.fr\/index.php\/centre-de-loisirs\/\"><span>Lire la suite<\/span><i class=\"crycon-right-dir\"><\/i><\/a> <\/p>\n","protected":false},"author":1,"featured_media":0,"parent":0,"menu_order":0,"comment_status":"closed","ping_status":"closed","template":"","meta":{"_exactmetrics_skip_tracking":false,"_exactmetrics_sitenote_active":false,"_exactmetrics_sitenote_note":"","_exactmetrics_sitenote_category":0,"footnotes":""},"class_list":["post-475","page","type-page","status-publish","hentry"],"yoast_head":"<!-- This site is optimized with the Yoast SEO plugin v27.3 - https:\/\/yoast.com\/product\/yoast-seo-wordpress\/ -->\n<title>Centre de loisirs - Mairie de La Fert\u00e9 Beauharnais - Site officiel de la commune<\/title>\n<meta name=\"robots\" content=\"index, follow, max-snippet:-1, max-image-preview:large, max-video-preview:-1\" \/>\n<link rel=\"canonical\" href=\"https:\/\/la-ferte-beauharnais.fr\/index.php\/centre-de-loisirs\/\" \/>\n<meta property=\"og:locale\" content=\"fr_FR\" \/>\n<meta property=\"og:type\" content=\"article\" \/>\n<meta property=\"og:title\" content=\"Centre de loisirs - Mairie de La Fert\u00e9 Beauharnais - Site officiel de la commune\" \/>\n<meta property=\"og:description\" content=\"&nbsp; Pendant les vacances scolaires : Le Centre de loisirs vous accueille les mercredis pendant les p\u00e9riodes scolaires de 7h30 \u00e0 18h30 et la semaine pendant les vacances scolaires de 7h30 \u00e0 18h30. Fermeture annuelle 3 semaines en Aout Horaires de permanences\u00a0: Mardi, Jeudi et Vendredi 10h00-12h00 et 14h00-16h00 &nbsp;\u2026 Lire la suite\" \/>\n<meta property=\"og:url\" content=\"https:\/\/la-ferte-beauharnais.fr\/index.php\/centre-de-loisirs\/\" \/>\n<meta property=\"og:site_name\" content=\"Mairie de La Fert\u00e9 Beauharnais - Site officiel de la commune\" \/>\n<meta property=\"article:modified_time\" content=\"2024-02-29T11:32:41+00:00\" \/>\n<meta property=\"og:image\" content=\"https:\/\/la-ferte-beauharnais.fr\/wp-content\/uploads\/2019\/05\/IMG_20181212_100714_small-150x150.jpg\" \/>\n<meta name=\"twitter:card\" content=\"summary_large_image\" \/>\n<meta name=\"twitter:label1\" content=\"Dur\u00e9e de lecture estim\u00e9e\" \/>\n\t<meta name=\"twitter:data1\" content=\"1 minute\" \/>\n<script type=\"application\/ld+json\" class=\"yoast-schema-graph\">{\"@context\":\"https:\\\/\\\/schema.org\",\"@graph\":[{\"@type\":\"WebPage\",\"@id\":\"https:\\\/\\\/la-ferte-beauharnais.fr\\\/index.php\\\/centre-de-loisirs\\\/\",\"url\":\"https:\\\/\\\/la-ferte-beauharnais.fr\\\/index.php\\\/centre-de-loisirs\\\/\",\"name\":\"Centre de loisirs - Mairie de La Fert\u00e9 Beauharnais - Site officiel de la commune\",\"isPartOf\":{\"@id\":\"https:\\\/\\\/la-ferte-beauharnais.fr\\\/#website\"},\"primaryImageOfPage\":{\"@id\":\"https:\\\/\\\/la-ferte-beauharnais.fr\\\/index.php\\\/centre-de-loisirs\\\/#primaryimage\"},\"image\":{\"@id\":\"https:\\\/\\\/la-ferte-beauharnais.fr\\\/index.php\\\/centre-de-loisirs\\\/#primaryimage\"},\"thumbnailUrl\":\"http:\\\/\\\/la-ferte-beauharnais.fr\\\/wp-content\\\/uploads\\\/2017\\\/03\\\/famille_rurale4-225x300.jpg\",\"datePublished\":\"2017-03-04T18:44:32+00:00\",\"dateModified\":\"2024-02-29T11:32:41+00:00\",\"breadcrumb\":{\"@id\":\"https:\\\/\\\/la-ferte-beauharnais.fr\\\/index.php\\\/centre-de-loisirs\\\/#breadcrumb\"},\"inLanguage\":\"fr-FR\",\"potentialAction\":[{\"@type\":\"ReadAction\",\"target\":[\"https:\\\/\\\/la-ferte-beauharnais.fr\\\/index.php\\\/centre-de-loisirs\\\/\"]}]},{\"@type\":\"ImageObject\",\"inLanguage\":\"fr-FR\",\"@id\":\"https:\\\/\\\/la-ferte-beauharnais.fr\\\/index.php\\\/centre-de-loisirs\\\/#primaryimage\",\"url\":\"http:\\\/\\\/la-ferte-beauharnais.fr\\\/wp-content\\\/uploads\\\/2017\\\/03\\\/famille_rurale4-225x300.jpg\",\"contentUrl\":\"http:\\\/\\\/la-ferte-beauharnais.fr\\\/wp-content\\\/uploads\\\/2017\\\/03\\\/famille_rurale4-225x300.jpg\"},{\"@type\":\"BreadcrumbList\",\"@id\":\"https:\\\/\\\/la-ferte-beauharnais.fr\\\/index.php\\\/centre-de-loisirs\\\/#breadcrumb\",\"itemListElement\":[{\"@type\":\"ListItem\",\"position\":1,\"name\":\"Accueil\",\"item\":\"https:\\\/\\\/la-ferte-beauharnais.fr\\\/\"},{\"@type\":\"ListItem\",\"position\":2,\"name\":\"Centre de loisirs\"}]},{\"@type\":\"WebSite\",\"@id\":\"https:\\\/\\\/la-ferte-beauharnais.fr\\\/#website\",\"url\":\"https:\\\/\\\/la-ferte-beauharnais.fr\\\/\",\"name\":\"Mairie de La Fert\u00e9 Beauharnais - Site officiel de la commune\",\"description\":\"Village de Sologne situ\u00e9 entre Orl\u00e9ans et Romorantin-Lanthenay.\",\"potentialAction\":[{\"@type\":\"SearchAction\",\"target\":{\"@type\":\"EntryPoint\",\"urlTemplate\":\"https:\\\/\\\/la-ferte-beauharnais.fr\\\/?s={search_term_string}\"},\"query-input\":{\"@type\":\"PropertyValueSpecification\",\"valueRequired\":true,\"valueName\":\"search_term_string\"}}],\"inLanguage\":\"fr-FR\"}]}<\/script>\n<!-- \/ Yoast SEO plugin. -->","yoast_head_json":{"title":"Centre de loisirs - Mairie de La Fert\u00e9 Beauharnais - Site officiel de la commune","robots":{"index":"index","follow":"follow","max-snippet":"max-snippet:-1","max-image-preview":"max-image-preview:large","max-video-preview":"max-video-preview:-1"},"canonical":"https:\/\/la-ferte-beauharnais.fr\/index.php\/centre-de-loisirs\/","og_locale":"fr_FR","og_type":"article","og_title":"Centre de loisirs - Mairie de La Fert\u00e9 Beauharnais - Site officiel de la commune","og_description":"&nbsp; Pendant les vacances scolaires : Le Centre de loisirs vous accueille les mercredis pendant les p\u00e9riodes scolaires de 7h30 \u00e0 18h30 et la semaine pendant les vacances scolaires de 7h30 \u00e0 18h30. Fermeture annuelle 3 semaines en Aout Horaires de permanences\u00a0: Mardi, Jeudi et Vendredi 10h00-12h00 et 14h00-16h00 &nbsp;\u2026 Lire la suite","og_url":"https:\/\/la-ferte-beauharnais.fr\/index.php\/centre-de-loisirs\/","og_site_name":"Mairie de La Fert\u00e9 Beauharnais - Site officiel de la commune","article_modified_time":"2024-02-29T11:32:41+00:00","og_image":[{"url":"https:\/\/la-ferte-beauharnais.fr\/wp-content\/uploads\/2019\/05\/IMG_20181212_100714_small-150x150.jpg","type":"","width":"","height":""}],"twitter_card":"summary_large_image","twitter_misc":{"Dur\u00e9e de lecture estim\u00e9e":"1 minute"},"schema":{"@context":"https:\/\/schema.org","@graph":[{"@type":"WebPage","@id":"https:\/\/la-ferte-beauharnais.fr\/index.php\/centre-de-loisirs\/","url":"https:\/\/la-ferte-beauharnais.fr\/index.php\/centre-de-loisirs\/","name":"Centre de loisirs - Mairie de La Fert\u00e9 Beauharnais - Site officiel de la commune","isPartOf":{"@id":"https:\/\/la-ferte-beauharnais.fr\/#website"},"primaryImageOfPage":{"@id":"https:\/\/la-ferte-beauharnais.fr\/index.php\/centre-de-loisirs\/#primaryimage"},"image":{"@id":"https:\/\/la-ferte-beauharnais.fr\/index.php\/centre-de-loisirs\/#primaryimage"},"thumbnailUrl":"http:\/\/la-ferte-beauharnais.fr\/wp-content\/uploads\/2017\/03\/famille_rurale4-225x300.jpg","datePublished":"2017-03-04T18:44:32+00:00","dateModified":"2024-02-29T11:32:41+00:00","breadcrumb":{"@id":"https:\/\/la-ferte-beauharnais.fr\/index.php\/centre-de-loisirs\/#breadcrumb"},"inLanguage":"fr-FR","potentialAction":[{"@type":"ReadAction","target":["https:\/\/la-ferte-beauharnais.fr\/index.php\/centre-de-loisirs\/"]}]},{"@type":"ImageObject","inLanguage":"fr-FR","@id":"https:\/\/la-ferte-beauharnais.fr\/index.php\/centre-de-loisirs\/#primaryimage","url":"http:\/\/la-ferte-beauharnais.fr\/wp-content\/uploads\/2017\/03\/famille_rurale4-225x300.jpg","contentUrl":"http:\/\/la-ferte-beauharnais.fr\/wp-content\/uploads\/2017\/03\/famille_rurale4-225x300.jpg"},{"@type":"BreadcrumbList","@id":"https:\/\/la-ferte-beauharnais.fr\/index.php\/centre-de-loisirs\/#breadcrumb","itemListElement":[{"@type":"ListItem","position":1,"name":"Accueil","item":"https:\/\/la-ferte-beauharnais.fr\/"},{"@type":"ListItem","position":2,"name":"Centre de loisirs"}]},{"@type":"WebSite","@id":"https:\/\/la-ferte-beauharnais.fr\/#website","url":"https:\/\/la-ferte-beauharnais.fr\/","name":"Mairie de La Fert\u00e9 Beauharnais - Site officiel de la commune","description":"Village de Sologne situ\u00e9 entre Orl\u00e9ans et Romorantin-Lanthenay.","potentialAction":[{"@type":"SearchAction","target":{"@type":"EntryPoint","urlTemplate":"https:\/\/la-ferte-beauharnais.fr\/?s={search_term_string}"},"query-input":{"@type":"PropertyValueSpecification","valueRequired":true,"valueName":"search_term_string"}}],"inLanguage":"fr-FR"}]}},"_links":{"self":[{"href":"https:\/\/la-ferte-beauharnais.fr\/index.php\/wp-json\/wp\/v2\/pages\/475","targetHints":{"allow":["GET"]}}],"collection":[{"href":"https:\/\/la-ferte-beauharnais.fr\/index.php\/wp-json\/wp\/v2\/pages"}],"about":[{"href":"https:\/\/la-ferte-beauharnais.fr\/index.php\/wp-json\/wp\/v2\/types\/page"}],"author":[{"embeddable":true,"href":"https:\/\/la-ferte-beauharnais.fr\/index.php\/wp-json\/wp\/v2\/users\/1"}],"replies":[{"embeddable":true,"href":"https:\/\/la-ferte-beauharnais.fr\/index.php\/wp-json\/wp\/v2\/comments?post=475"}],"version-history":[{"count":14,"href":"https:\/\/la-ferte-beauharnais.fr\/index.php\/wp-json\/wp\/v2\/pages\/475\/revisions"}],"predecessor-version":[{"id":2016,"href":"https:\/\/la-ferte-beauharnais.fr\/index.php\/wp-json\/wp\/v2\/pages\/475\/revisions\/2016"}],"wp:attachment":[{"href":"https:\/\/la-ferte-beauharnais.fr\/index.php\/wp-json\/wp\/v2\/media?parent=475"}],"curies":[{"name":"wp","href":"https:\/\/api.w.org\/{rel}","templated":true}]}}